{"id":534,"date":"2022-02-12T19:55:38","date_gmt":"2022-02-12T18:55:38","guid":{"rendered":"http:\/\/perso.unifr.ch\/pascal.wagner\/?page_id=534"},"modified":"2026-03-18T13:09:10","modified_gmt":"2026-03-18T12:09:10","slug":"chroniques-sur-le-complotisme","status":"publish","type":"page","link":"https:\/\/perso.unifr.ch\/pascal.wagner\/chroniques-sur-le-complotisme\/","title":{"rendered":"Chroniques du complotisme (et autres sujets)"},"content":{"rendered":"\n<p><strong>Ce blog est un r\u00e9sum\u00e9 et l&rsquo;actualisation de mon livre paru en 2021<\/strong>,<strong> ainsi que mes r\u00e9flexions sur d&rsquo;autres sujets connexes<\/strong><\/p>\n\n\n\n<figure class=\"wp-block-image size-full is-resized\"><img loading=\"lazy\" src=\"https:\/\/perso.unifr.ch\/pascal.wagner\/wp-content\/uploads\/2023\/12\/image.png\" alt=\"\" class=\"wp-image-795\" width=\"345\" height=\"540\" srcset=\"https:\/\/perso.unifr.ch\/pascal.wagner\/wp-content\/uploads\/2023\/12\/image.png 495w, https:\/\/perso.unifr.ch\/pascal.wagner\/wp-content\/uploads\/2023\/12\/image-191x300.png 191w\" sizes=\"(max-width: 345px) 100vw, 345px\" \/><\/figure>\n\n\n\n<p>Disponible sur : <a href=\"https:\/\/www.pug.fr\/produit\/1917\/9782706149825\/psychologie-des-croyances-aux-theories-du-complot\">https:\/\/www.pug.fr\/produit\/1917\/9782706149825\/psychologie-des-croyances-aux-theories-du-complot<\/a><\/p>\n\n\n\n<p><strong>1. Je me pr\u00e9sente : <\/strong><\/p>\n\n\n\n<p><a href=\"https:\/\/www.blick.ch\/fr\/news\/opinion\/la-chronique-de-pascal-wagner-egger-theories-du-complot-definition-id16616865.html\">https:\/\/www.blick.ch\/fr\/news\/opinion\/la-chronique-de-pascal-wagner-egger-theories-du-complot-definition-id16616865.html<\/a><\/p>\n\n\n\n<p><strong>2. La d\u00e9finition des th\u00e9ories du complot :<\/strong><\/p>\n\n\n\n<p><a href=\"https:\/\/www.blick.ch\/fr\/news\/opinion\/la-chronique-de-pascal-wagner-egger-theories-du-complot-definition-id16652265.html\">https:\/\/www.blick.ch\/fr\/news\/opinion\/la-chronique-de-pascal-wagner-egger-theories-du-complot-definition-id16652265.html<\/a><\/p>\n\n\n\n<p><strong>3. Certains principes rationnels nous demandent une certaine prudence avec l&rsquo;adh\u00e9sion aux th\u00e9ories du complot :<\/strong><\/p>\n\n\n\n<p><a href=\"https:\/\/www.blick.ch\/fr\/news\/opinion\/la-chronique-de-pascal-wagner-egger-le-rasoir-dockham-la-presomption-dinnocence-le-fardeau-de-la-preuve-et-les-theories-du-complot-id16719792.html\">https:\/\/www.blick.ch\/fr\/news\/opinion\/la-chronique-de-pascal-wagner-egger-le-rasoir-dockham-la-presomption-dinnocence-le-fardeau-de-la-preuve-et-les-theories-du-complot-id16719792.html<\/a><\/p>\n\n\n\n<p><strong>4. Application de ces principes \u00e0 la th\u00e9orie de l&rsquo;origine humaine du coronavirus : <\/strong><\/p>\n\n\n\n<p><a href=\"https:\/\/www.blick.ch\/fr\/news\/opinion\/la-chronique-de-pascal-wagner-egger-le-covid-19-sest-il-echappe-dun-laboratoire-id16737220.html\">https:\/\/www.blick.ch\/fr\/news\/opinion\/la-chronique-de-pascal-wagner-egger-le-covid-19-sest-il-echappe-dun-laboratoire-id16737220.html<\/a><\/p>\n\n\n\n<p><strong>5. Les dangers des croyances aux th\u00e9ories du complot : <\/strong><\/p>\n\n\n\n<p><a href=\"https:\/\/www.blick.ch\/fr\/news\/opinion\/la-chronique-de-pascal-wagner-egger-pourquoi-il-est-dangereux-de-croire-aux-theories-du-complot-id16828307.html\">https:\/\/www.blick.ch\/fr\/news\/opinion\/la-chronique-de-pascal-wagner-egger-pourquoi-il-est-dangereux-de-croire-aux-theories-du-complot-id16828307.html<\/a><\/p>\n\n\n\n<p><strong>6. Les causes des croyances aux th\u00e9ories du complot : (1) les causes socio-politiques <\/strong><\/p>\n\n\n\n<p><a href=\"https:\/\/www.blick.ch\/fr\/news\/opinion\/la-chronique-de-pascal-wagner-egger-pourquoi-les-etres-humains-croient-ils-autant-aux-theories-du-complot-id16900475.html\">https:\/\/www.blick.ch\/fr\/news\/opinion\/la-chronique-de-pascal-wagner-egger-pourquoi-les-etres-humains-croient-ils-autant-aux-theories-du-complot-id16900475.html<\/a><\/p>\n\n\n\n<p><strong>7. Les causes des croyances aux th\u00e9ories du complot : (2) les causes psychologiques<\/strong><\/p>\n\n\n\n<p><a href=\"https:\/\/www.blick.ch\/fr\/news\/opinion\/la-chronique-de-pascal-wagner-egger-pourquoi-les-etres-humains-croient-ils-autant-aux-theories-du-complot-2-3-id16976785.html\">https:\/\/www.blick.ch\/fr\/news\/opinion\/la-chronique-de-pascal-wagner-egger-pourquoi-les-etres-humains-croient-ils-autant-aux-theories-du-complot-2-3-id16976785.html<\/a><\/p>\n\n\n\n<p><strong>8. Les causes des croyances aux th\u00e9ories du complot : (3) les causes communicationnelles<\/strong><\/p>\n\n\n\n<p><a href=\"https:\/\/www.blick.ch\/fr\/news\/opinion\/la-chronique-de-pascal-wagner-egger-pourquoi-les-etres-humains-croient-ils-autant-aux-theories-du-complot-3-3-id17082538.html\">https:\/\/www.blick.ch\/fr\/news\/opinion\/la-chronique-de-pascal-wagner-egger-pourquoi-les-etres-humains-croient-ils-autant-aux-theories-du-complot-3-3-id17082538.html<\/a><\/p>\n\n\n\n<p><strong>9. Le fond de v\u00e9rit\u00e9 des th\u00e9ories du complot : <\/strong><\/p>\n\n\n\n<p><a href=\"https:\/\/www.blick.ch\/fr\/incoming\/pascal-wagner-egger-pilule-rouge-ou-pilule-bleue-le-fond-de-verite-des-theories-du-complot-id17196830.html\">https:\/\/www.blick.ch\/fr\/incoming\/pascal-wagner-egger-pilule-rouge-ou-pilule-bleue-le-fond-de-verite-des-theories-du-complot-id17196830.html<\/a><\/p>\n\n\n\n<p><strong>10. Le tournant proph\u00e9tique et messianique du complotisme : <\/strong><\/p>\n\n\n\n<p><a href=\"https:\/\/www.blick.ch\/fr\/news\/opinion\/pascal-wagner-egger-quand-les-propheties-complotistes-echouent-id17415265.html?utm_source=copy&amp;utm_medium=social&amp;utm_campaign=share-button&amp;utm_term=blick_app_ios\">https:\/\/www.blick.ch\/fr\/news\/opinion\/pascal-wagner-egger-quand-les-propheties-complotistes-echouent-id17415265.html?utm_source=copy&amp;utm_medium=social&amp;utm_campaign=share-button&amp;utm_term=blick_app_ios<\/a><\/p>\n\n\n\n<p><strong>11. Les projections complotistes : <\/strong><\/p>\n\n\n\n<p><a href=\"https:\/\/www.blick.ch\/fr\/news\/opinion\/pascal-wagner-egger-les-projections-complotistes-ou-le-miroir-dun-univers-mental-negatif-et-cynique-id17530755.html\">https:\/\/www.blick.ch\/fr\/news\/opinion\/pascal-wagner-egger-les-projections-complotistes-ou-le-miroir-dun-univers-mental-negatif-et-cynique-id17530755.html<\/a><\/p>\n\n\n\n<p><strong>12. L&rsquo;\u00ab&nbsp;Appel \u00e0 la Libert\u00e9&nbsp;\u00bb : <\/strong><\/p>\n\n\n\n<p><a href=\"https:\/\/www.blick.ch\/fr\/news\/opinion\/pascal-wagner-egger-covid-ecologie-lappel-a-la-liberte-des-liberaux-face-aux-restrictions-id17828348.html\">https:\/\/www.blick.ch\/fr\/news\/opinion\/pascal-wagner-egger-covid-ecologie-lappel-a-la-liberte-des-liberaux-face-aux-restrictions-id17828348.html<\/a><\/p>\n\n\n\n<p><strong>13. Que peut-on faire pour lutter contre le complotisme ? <\/strong><\/p>\n\n\n\n<p><a href=\"https:\/\/www.blick.ch\/fr\/news\/opinion\/pascal-wagner-egger-que-faire-contre-le-complotisme-id17986518.html\">https:\/\/www.blick.ch\/fr\/news\/opinion\/pascal-wagner-egger-que-faire-contre-le-complotisme-id17986518.html<\/a><\/p>\n\n\n\n<p><strong>14. La critique de la critique du complotisme: l\u2019\u00abanti-complotisme\u00bb est-il un probl\u00e8me pour la libert\u00e9 d\u2019expression et la d\u00e9mocratie (1\/3)?<\/strong><\/p>\n\n\n\n<p><a href=\"https:\/\/www.blick.ch\/fr\/news\/opinion\/pascal-wagner-egger-la-critique-de-la-critique-du-complotisme-l-anti-complotisme-est-il-un-probleme-pour-la-liberte-d-expression-et-la-democratie-1-2-id18310288.html\">https:\/\/www.blick.ch\/fr\/news\/opinion\/pascal-wagner-egger-la-critique-de-la-critique-du-complotisme-l-anti-complotisme-est-il-un-probleme-pour-la-liberte-d-expression-et-la-democratie-1-2-id18310288.html<\/a><\/p>\n\n\n\n<p><strong>15. La critique de la critique du complotisme: l\u2019\u00abanti-complotisme\u00bb est-il un probl\u00e8me pour la libert\u00e9 d\u2019expression et la d\u00e9mocratie (2\/3)?<\/strong><\/p>\n\n\n\n<p><a href=\"https:\/\/www.blick.ch\/fr\/news\/opinion\/la-chronique-de-pascal-wagner-egger-la-critique-de-la-critique-du-complotisme-l-anti-complotisme-est-il-un-probleme-pour-la-liberte-d-expression-et-la-democratie-2-3-id18454474.html\">https:\/\/www.blick.ch\/fr\/news\/opinion\/la-chronique-de-pascal-wagner-egger-la-critique-de-la-critique-du-complotisme-l-anti-complotisme-est-il-un-probleme-pour-la-liberte-d-expression-et-la-democratie-2-3-id18454474.html<\/a><\/p>\n\n\n\n<p><strong>16. La critique de la critique du complotisme: l\u2019\u00abanti-complotisme\u00bb est-il un probl\u00e8me pour la libert\u00e9 d\u2019expression et la d\u00e9mocratie (3\/3): <\/strong><a href=\"https:\/\/www.blick.ch\/fr\/news\/opinion\/la-chronique-de-pascal-wagner-egger-la-critique-de-la-critique-du-complotisme-l-anti-complotisme-est-il-un-probleme-pour-la-liberte-d-expression-et-la-democratie-3-3-id18611720.html\">https:\/\/www.blick.ch\/fr\/news\/opinion\/la-chronique-de-pascal-wagner-egger-la-critique-de-la-critique-du-complotisme-l-anti-complotisme-est-il-un-probleme-pour-la-liberte-d-expression-et-la-democratie-3-3-id18611720.html<\/a><\/p>\n\n\n\n<p><strong>17. Comment devenir un troll complotiste en une le\u00e7on (et 14 \u00e9tapes)? <\/strong><a href=\"https:\/\/www.blick.ch\/fr\/news\/suisse\/la-chronique-de-pascal-wagner-egger-comment-devenir-un-troll-complotiste-en-une-lecon-et-14-etapes-id18676428.html\">https:\/\/www.blick.ch\/fr\/news\/suisse\/la-chronique-de-pascal-wagner-egger-comment-devenir-un-troll-complotiste-en-une-lecon-et-14-etapes-id18676428.html<\/a><\/p>\n\n\n\n<p><strong>18. La plus grande erreur politique de tous les temps : <\/strong><\/p>\n\n\n\n<p><a href=\"https:\/\/www.blick.ch\/fr\/news\/suisse\/la-chronique-de-pascal-wagner-egger-la-plus-grande-erreur-politique-de-tout-les-temps-id18964351.html\">https:\/\/www.blick.ch\/fr\/news\/suisse\/la-chronique-de-pascal-wagner-egger-la-plus-grande-erreur-politique-de-tout-les-temps-id18964351.html<\/a><\/p>\n\n\n\n<p><strong>19. Comment confondre un pseudo-expert complotiste ?<\/strong><\/p>\n\n\n\n<p><a href=\"https:\/\/www.blick.ch\/fr\/news\/opinion\/la-chronique-de-pascal-wagner-egger-comment-confondre-un-pseudo-expert-complotiste-id19179847.html\">https:\/\/www.blick.ch\/fr\/news\/opinion\/la-chronique-de-pascal-wagner-egger-comment-confondre-un-pseudo-expert-complotiste-id19179847.html<\/a><\/p>\n\n\n\n<p><strong>20. Eloge de la nuance (\u00e0 l&rsquo;heure des f\u00eates)<\/strong><\/p>\n\n\n\n<p><a href=\"https:\/\/www.blick.ch\/fr\/news\/opinion\/la-chronique-de-pascal-wagner-egger-eloge-de-la-nuance-id19275798.html\">https:\/\/www.blick.ch\/fr\/news\/opinion\/la-chronique-de-pascal-wagner-egger-eloge-de-la-nuance-id19275798.html<\/a><\/p>\n\n\n\n<p><strong>21. Le bullshit quantique et le neurobullshit<\/strong> <\/p>\n\n\n\n<p><a href=\"https:\/\/www.blick.ch\/fr\/news\/opinion\/la-chronique-de-pascal-wagner-le-bullshit-quantique-et-le-neurobullshit-id19432525.html\">https:\/\/www.blick.ch\/fr\/news\/opinion\/la-chronique-de-pascal-wagner-le-bullshit-quantique-et-le-neurobullshit-id19432525.html<\/a><\/p>\n\n\n\n<p><strong>22. Le bullshit holistique <\/strong><\/p>\n\n\n\n<p><a href=\"https:\/\/www.blick.ch\/fr\/news\/opinion\/chronique-de-pascal-wagner-egger-le-bullshit-holistique-ou-critiquer-la-science-pour-confirmer-une-lubie-id19652082.html\">https:\/\/www.blick.ch\/fr\/news\/opinion\/chronique-de-pascal-wagner-egger-le-bullshit-holistique-ou-critiquer-la-science-pour-confirmer-une-lubie-id19652082.html<\/a><\/p>\n\n\n\n<p><strong>23.<\/strong> <strong>Le Nouvel Ordre Mondial<\/strong><\/p>\n\n\n\n<p><a href=\"https:\/\/www.blick.ch\/fr\/news\/opinion\/la-chronique-de-pascal-wagner-egger-le-nouvel-ordre-mondial-id20032245.html\">https:\/\/www.blick.ch\/fr\/news\/opinion\/la-chronique-de-pascal-wagner-egger-le-nouvel-ordre-mondial-id20032245.html<\/a><\/p>\n\n\n\n<p><strong>24. Rififi chez les conspis : le complot du complot du complot<\/strong><\/p>\n\n\n\n<p><a href=\"https:\/\/www.blick.ch\/fr\/news\/opinion\/la-chronique-de-pascal-wagner-rififi-chez-les-conspis-le-complot-du-complot-du-complot-id20240420.html\">https:\/\/www.blick.ch\/fr\/news\/opinion\/la-chronique-de-pascal-wagner-rififi-chez-les-conspis-le-complot-du-complot-du-complot-id20240420.html<\/a><\/p>\n\n\n\n<p><strong>25. L&rsquo;obscure clart\u00e9 de la lune<\/strong><\/p>\n\n\n\n<p><a href=\"https:\/\/www.blick.ch\/fr\/opinion\/la-chronique-de-pascal-wagner-l-obscure-clarte-de-la-lune-id20478453.html\">https:\/\/www.blick.ch\/fr\/opinion\/la-chronique-de-pascal-wagner-l-obscure-clarte-de-la-lune-id20478453.html<\/a><\/p>\n\n\n\n<p><strong>26. Les in\u00e9galit\u00e9s sociales: pour un revenu minimum et\u2026 maximum!<\/strong><\/p>\n\n\n\n<p><a href=\"https:\/\/www.blick.ch\/fr\/opinion\/la-chronique-de-pascal-wagner-egger-les-inegalites-sociales-pour-un-revenu-minimum-et-maximum-id20708355.html\">https:\/\/www.blick.ch\/fr\/opinion\/la-chronique-de-pascal-wagner-egger-les-inegalites-sociales-pour-un-revenu-minimum-et-maximum-id20708355.html<\/a><\/p>\n\n\n\n<p><strong>27. Le wokisme: exc\u00e8s \u00e0 l&rsquo;extr\u00eame gauche et panique morale \u00e0 droite!<\/strong><\/p>\n\n\n\n<p> https:\/\/www.blick.ch\/fr\/opinion\/chronique\/wokisme-exces-a-lextreme-gauche-et-panique-morale-a-droite-id21322092.html<\/p>\n\n\n\n<p><strong>28. La th\u00e9orie du complot autour de la mort de Jeffrey Epstein : suicide ou assassinat&nbsp;?<\/strong> <\/p>\n\n\n\n<p><a href=\"https:\/\/www.blick.ch\/fr\/opinion\/chronique\/la-chronique-de-pascal-wagner-egger-la-theorie-du-complot-autour-de-la-mort-de-jeffrey-epstein-suicide-ou-assassinat-id21776238.html\">https:\/\/www.blick.ch\/fr\/opinion\/chronique\/la-chronique-de-pascal-wagner-egger-la-theorie-du-complot-autour-de-la-mort-de-jeffrey-epstein-suicide-ou-assassinat-id21776238.html<\/a><\/p>\n\n\n\n<p><strong>Divers : <\/strong><\/p>\n\n\n\n<p><strong><strong>Affaire Epstein : Les complotistes ont-ils enfin raison ?<\/strong><\/strong><\/p>\n\n\n\n<figure class=\"wp-block-embed is-type-wp-embed is-provider-pascal-wagner-egger wp-block-embed-pascal-wagner-egger\"><div class=\"wp-block-embed__wrapper\">\n<blockquote class=\"wp-embedded-content\" data-secret=\"26M6soNu00\"><a href=\"https:\/\/perso.unifr.ch\/pascal.wagner\/affaire-epstein-les-complotistes-ont-ils-enfin-raison\/\">Affaire Epstein : Les complotistes ont-ils enfin raison ?<\/a><\/blockquote><iframe class=\"wp-embedded-content\" sandbox=\"allow-scripts\" security=\"restricted\" style=\"position: absolute; clip: rect(1px, 1px, 1px, 1px);\" title=\"\u00ab\u00a0Affaire Epstein : Les complotistes ont-ils enfin raison ?\u00a0\u00bb &#8212; Pascal Wagner-Egger\" src=\"https:\/\/perso.unifr.ch\/pascal.wagner\/affaire-epstein-les-complotistes-ont-ils-enfin-raison\/embed\/#?secret=WmFAHytvDf#?secret=26M6soNu00\" data-secret=\"26M6soNu00\" width=\"600\" height=\"338\" frameborder=\"0\" marginwidth=\"0\" marginheight=\"0\" scrolling=\"no\"><\/iframe>\n<\/div><\/figure>\n\n\n\n<p><strong>Le bullshit astrologique de d\u00e9but d&rsquo;ann\u00e9e des magazines :<\/strong><\/p>\n\n\n\n<figure class=\"wp-block-embed is-type-wp-embed is-provider-pascal-wagner-egger wp-block-embed-pascal-wagner-egger\"><div class=\"wp-block-embed__wrapper\">\n<blockquote class=\"wp-embedded-content\" data-secret=\"Zd79rntzvl\"><a href=\"https:\/\/perso.unifr.ch\/pascal.wagner\/bonne-annee-2026-tout-de-meme-et-sans-bullshit-astrologique\/\">Bonne ann\u00e9e 2026 tout de m\u00eame (mais surtout sans bullshit astrologique) !<\/a><\/blockquote><iframe class=\"wp-embedded-content\" sandbox=\"allow-scripts\" security=\"restricted\" style=\"position: absolute; clip: rect(1px, 1px, 1px, 1px);\" title=\"\u00ab\u00a0Bonne ann\u00e9e 2026 tout de m\u00eame (mais surtout sans bullshit astrologique) !\u00a0\u00bb &#8212; Pascal Wagner-Egger\" src=\"https:\/\/perso.unifr.ch\/pascal.wagner\/bonne-annee-2026-tout-de-meme-et-sans-bullshit-astrologique\/embed\/#?secret=HRE0xOtAow#?secret=Zd79rntzvl\" data-secret=\"Zd79rntzvl\" width=\"600\" height=\"338\" frameborder=\"0\" marginwidth=\"0\" marginheight=\"0\" scrolling=\"no\"><\/iframe>\n<\/div><\/figure>\n\n\n\n<p><strong>Les croyances aux effets de la pleine lune<\/strong> : <\/p>\n\n\n\n<p><a href=\"https:\/\/perso.unifr.ch\/pascal.wagner\/la-pleine-lune-passe-moi-les-jumelles-19-avril-2024\/?preview_id=972\">https:\/\/perso.unifr.ch\/pascal.wagner\/la-pleine-lune-passe-moi-les-jumelles-19-avril-2024\/<\/a><\/p>\n\n\n\n<p><\/p>\n\n\n\n<p><strong>Lettre ouverte aux \u00ab libres penseurs \u00bb et \u00ab libres penseuses \u00bb de la pand\u00e9mie : <\/strong><\/p>\n\n\n\n<p><a href=\"https:\/\/perso.unifr.ch\/pascal.wagner\/lettre-ouverte-aux-libres-penseurs-et-libres-penseuses-voici-pourquoi-nous-ne-pouvons-pas-penser-seulement-par-nous-memes-et-pourquoi-lanticomplotisme\/\">https:\/\/perso.unifr.ch\/pascal.wagner\/lettre-ouverte-aux-libres-penseurs-et-libres-penseuses-voici-pourquoi-nous-ne-pouvons-pas-penser-seulement-par-nous-memes-et-pourquoi-lanticomplotisme\/<\/a><\/p>\n\n\n\n<p><\/p>\n\n\n\n<p><strong>Pourquoi Galil\u00e9e n&rsquo;\u00e9tait pas complotiste ? <\/strong><\/p>\n\n\n\n<p><a href=\"https:\/\/perso.unifr.ch\/pascal.wagner\/pourquoi-galilee-netait-pas-complotiste\/\">https:\/\/perso.unifr.ch\/pascal.wagner\/pourquoi-galilee-netait-pas-complotiste\/<\/a><\/p>\n\n\n\n<p><\/p>\n\n\n\n<p><strong>Supplique aux moutons du coronascepticisme : <\/strong><\/p>\n\n\n\n<p><a href=\"https:\/\/perso.unifr.ch\/pascal.wagner\/lettres-aux-moutons-du-coronascepticisme\/\">https:\/\/perso.unifr.ch\/pascal.wagner\/lettres-aux-moutons-du-coronascepticisme\/<\/a><\/p>\n\n\n\n<p><\/p>\n\n\n\n<p><strong>Est-ce que nous vivons vraiment la pand\u00e9mie comme une  \u00ab\u00a0psychose\u00a0\u00bb, et n&rsquo;est-ce pas le virus avant tout qui \u00ab\u00a0alimente la peur\u00a0\u00bb (mod\u00e9r\u00e9e) ? <\/strong><\/p>\n\n\n\n<p><a href=\"https:\/\/perso.unifr.ch\/pascal.wagner\/qui-est-ce-qui-entretient-la-psychose-et-alimente-la-peur\/?preview_id=288&amp;preview_nonce=c662ae5992&amp;preview=true\">https:\/\/perso.unifr.ch\/pascal.wagner\/qui-est-ce-qui-entretient-la-psychose-et-alimente-la-peur\/?preview_id=288&amp;preview_nonce=c662ae5992&amp;preview=true<\/a><\/p>\n\n\n\n<p><\/p>\n\n\n\n<p><strong>La m\u00e9thode \u00ab\u00a0ZEM &amp; S\u00a0\u00bb <\/strong><\/p>\n\n\n\n<p><a href=\"https:\/\/perso.unifr.ch\/pascal.wagner\/la-methode-zems\/\">https:\/\/perso.unifr.ch\/pascal.wagner\/la-methode-zems\/<\/a><\/p>\n\n\n\n<p><\/p>\n\n\n\n<p><\/p>\n","protected":false},"excerpt":{"rendered":"<p>Ce blog est un r\u00e9sum\u00e9 et l&rsquo;actualisation de mon livre paru en 2021, ainsi que mes r\u00e9flexions sur d&rsquo;autres sujets connexes Disponible sur : https:\/\/www.pug.fr\/produit\/1917\/9782706149825\/psychologie-des-croyances-aux-theories-du-complot 1. Je me pr\u00e9sente : https:\/\/www.blick.ch\/fr\/news\/opinion\/la-chronique-de-pascal-wagner-egger-theories-du-complot-definition-id16616865.html 2. La d\u00e9finition des th\u00e9ories du complot : https:\/\/www.blick.ch\/fr\/news\/opinion\/la-chronique-de-pascal-wagner-egger-theories-du-complot-definition-id16652265.html 3. Certains principes rationnels nous demandent une certaine prudence avec l&rsquo;adh\u00e9sion aux th\u00e9ories du complot &hellip; <a href=\"https:\/\/perso.unifr.ch\/pascal.wagner\/chroniques-sur-le-complotisme\/\" class=\"more-link\">Continuer la lecture de <span class=\"screen-reader-text\">Chroniques du complotisme (et autres sujets)<\/span><\/a><\/p>\n","protected":false},"author":2,"featured_media":0,"parent":0,"menu_order":0,"comment_status":"closed","ping_status":"closed","template":"","meta":[],"_links":{"self":[{"href":"https:\/\/perso.unifr.ch\/pascal.wagner\/wp-json\/wp\/v2\/pages\/534"}],"collection":[{"href":"https:\/\/perso.unifr.ch\/pascal.wagner\/wp-json\/wp\/v2\/pages"}],"about":[{"href":"https:\/\/perso.unifr.ch\/pascal.wagner\/wp-json\/wp\/v2\/types\/page"}],"author":[{"embeddable":true,"href":"https:\/\/perso.unifr.ch\/pascal.wagner\/wp-json\/wp\/v2\/users\/2"}],"replies":[{"embeddable":true,"href":"https:\/\/perso.unifr.ch\/pascal.wagner\/wp-json\/wp\/v2\/comments?post=534"}],"version-history":[{"count":38,"href":"https:\/\/perso.unifr.ch\/pascal.wagner\/wp-json\/wp\/v2\/pages\/534\/revisions"}],"predecessor-version":[{"id":1097,"href":"https:\/\/perso.unifr.ch\/pascal.wagner\/wp-json\/wp\/v2\/pages\/534\/revisions\/1097"}],"wp:attachment":[{"href":"https:\/\/perso.unifr.ch\/pascal.wagner\/wp-json\/wp\/v2\/media?parent=534"}],"curies":[{"name":"wp","href":"https:\/\/api.w.org\/{rel}","templated":true}]}}