{"id":281,"date":"2020-11-03T20:48:06","date_gmt":"2020-11-03T19:48:06","guid":{"rendered":"http:\/\/perso.unifr.ch\/pascal.wagner\/?page_id=281"},"modified":"2020-11-03T20:54:49","modified_gmt":"2020-11-03T19:54:49","slug":"lettres-aux-moutons-du-coronascepticisme","status":"publish","type":"page","link":"https:\/\/perso.unifr.ch\/pascal.wagner\/lettres-aux-moutons-du-coronascepticisme\/","title":{"rendered":"Supplique aux moutons du coronascepticisme"},"content":{"rendered":"\n<p>Chers et ch\u00e8res ami\u00b7es coronasceptiques (c&rsquo;est-\u00e0-dire qui pensent par eux-m\u00eames et elles-m\u00eames toutes et tous la m\u00eame Pens\u00e9e Unique Alternative, PUA, contre la Pens\u00e9e Unique Officielle, PUO, qui en r\u00e9alit\u00e9 est l&rsquo;objet de controverses et d\u00e9bats scientifiques parmi les milliers de scientifiques des task forces et h\u00f4pitaux universitaires, avec bien s\u00fbr des risques d&rsquo;erreur, mais moindres\u2026 Bref),<\/p>\n\n\n\n<p>Nous avons patiemment support\u00e9 depuis le mois de f\u00e9vrier vos incessantes tentatives de minimiser la pand\u00e9mie de COVID-19, que vous avez r\u00e9pandu sans rien conna\u00eetre du monde m\u00e9dical autre chose que vos \u00ab\u00a0recherches\u00a0\u00bb sur Internet pendant le confinement : vous nous avez pomp\u00e9 l&rsquo;air \u2014 autrement plus qu&rsquo;un pauvre petit masque en papier ou en tissu \u2014 en postant \u00e0 r\u00e9p\u00e9tition, comme un \u00ab\u00a0TOC cognitif\u00a0\u00bb, que : (1) la pand\u00e9mie ne concerne que quelques cas en Chine et est exag\u00e9r\u00e9e dans le monde, (2) la pand\u00e9mie ne fait pas plus de mort\u00b7es que la grippe saisonni\u00e8re, (3) la pand\u00e9mie fait moins de morts que les autres maladies et fl\u00e9aux (j&rsquo;esp\u00e8re que vous r\u00e9alisez la stupidit\u00e9 de cet argument : si le cancer tue moins que les accidents cardiaques, alors ne traitons pas les cancers mais seulement les accidents cardiaques), (4) la pand\u00e9mie est termin\u00e9e (depuis le mois de mai), (5) il n&rsquo;y a jamais de deuxi\u00e8me vague, (6) la deuxi\u00e8me vague n&rsquo;est pas grave, etc., etc. (sans parler des conneries sur le confinement, l&rsquo;immunit\u00e9, le masque, l&rsquo;origine du virus, etc. : sur ces sujets aussi, laissez travailler les sp\u00e9cialistes qui nous dirons ce qu&rsquo;il en est dans quelques mois\/ann\u00e9es). Quant \u00e0 nous, nous n&rsquo;avions pas de pr\u00e9avis quant \u00e0 savoir s&rsquo;il y aurait une 2\u00e8me vague ou non, nous n&rsquo;avions pas la m\u00eame certitude de supporters de foot inverse \u00e0 la v\u00f4tre (qu&rsquo;il y en aurait une), nous attendions simplement de voir ce qui allait se passer en restant vigilant\u00b7es. Maintenant que non seulement les cas augmentent (et que c&rsquo;est pas d\u00fb au nombre de tests, ce \u00e0 quoi vous avez encore pu vous agripper ces derni\u00e8res semaines), mais aussi le nombre d&rsquo;hospitalisations et le nombre de mort\u00b7es un peu partout en Europe, et qu&rsquo;on craint des surcharges aux urgences, la MOINDRE des choses de votre part serait de faire amende honorable, de reconna\u00eetre vos monumentales et graves erreurs r\u00e9p\u00e9t\u00e9es, parce que trop press\u00e9\u00b7es de chercher des \u00ab\u00a0r\u00e9informations\u00a0\u00bb contre le \u00ab\u00a0Syst\u00e8me\u00a0\u00bb qui fait toujours tout faux, de faire des calculs sans savoir comment les faire, et d&rsquo;affirmer conna\u00eetre la \u00ab\u00a0V\u00e9rit\u00e9\u00a0\u00bb sur la pand\u00e9mie en tant non sp\u00e9cialiste, ou dans le meilleur des cas demi-sp\u00e9cialiste en m\u00e9decine (avec dipl\u00f4me Facebook mention \u00ab\u00a0Galil\u00e9e\u00a0\u00bb). Pensez que ces erreurs ne concernent pas seulement votre libert\u00e9 d&rsquo;expression, c&rsquo;est aussi accuser les autorit\u00e9s et les membres du syst\u00e8me m\u00e9dical qui luttent pour sauver nos vies d&rsquo;incomp\u00e9tence, voire de fraude et de mensonges. C&rsquo;est extr\u00eamement grave pour la d\u00e9mocratie, que vous enterrez un peu par vos \u00e2neries \u00e0 r\u00e9p\u00e9tition et vos doutes sans preuves suffisantes (en r\u00e9pandant les doutes et la m\u00e9fiance g\u00e9n\u00e9ralis\u00e9s et exag\u00e9r\u00e9s). La libert\u00e9 d&rsquo;expression est un droit, s&rsquo;informer correctement est un devoir. Si vous ne voulez pas vous excuser ou reconna\u00eetre vos erreurs (ce qui est certes particuli\u00e8rement difficile pour les personnalit\u00e9s narcissiques), ayez au moins la d\u00e9cence de VOUS TAIRE d\u00e9sormais sur le sujet de la pand\u00e9mie. Ce n&rsquo;est pas de la censure (vous pouvez toujours dire et \u00e9crire n&rsquo;importe quoi sur les r\u00e9seaux sociaux), mais juste un appel \u00e0 la prudence intellectuelle avec vous-m\u00eames (qui nous fera aussi du bien \u00e0 nous). Mais je sais que ce sera tr\u00e8s difficile, et que c&rsquo;est plus fort que vous (\u00e7a recommence d\u00e9j\u00e0 avec un graphique de l&rsquo;OMS ou la surmortalit\u00e9 \u00ab\u00a0calcul maison\u00a0\u00bb \u00e0 l&rsquo;heure o\u00f9 j&rsquo;\u00e9cris ces lignes), que vous allez avoir envie de continuer \u00e0 jouer les Don Quichottes de la pand\u00e9mie. Merci n\u00e9anmoins d&rsquo;essayer de respecter des gestes barri\u00e8re, non seulement le masque ou le lavage des mains, mais aussi en rapport avec les productions de votre cerveau. Vous qui cherchez trop vite et trop mal la \u00ab\u00a0V\u00e9rit\u00e9\u00a0\u00bb, il est aussi maintenant temps de reconna\u00eetre que la trouver, c&rsquo;est beaucoup plus difficile que de surfer et de lire des blogs ou regarder des vid\u00e9os Youtube, comme le savent celles et ceux qui la cherchent le moins mal, avec m\u00e9thode, en y consacrant leur vie depuis des si\u00e8cles, \u00e0 savoir les scientifiques (et les enqu\u00eateurs\u00b7trices professionnels pour les \u00ab\u00a0affaires\u00a0\u00bb). Je sais, l&rsquo;incertitude c&rsquo;est dur, la pand\u00e9mie c&rsquo;est long, surtout si on a du temps et Internet. Mais pensons au fait que lors d&rsquo;un vol long-courrier en avion, on ne va g\u00e9n\u00e9ralement pas voir des tutos sur les techniques d&rsquo;atterrissage, on ne va pas vers les pilotes pour le leur apprendre (maintenant que gr\u00e2ce \u00e0 nos propres recherches sur Internet, nous \u00ab\u00a0Savons\u00a0\u00bb), mais on attache nos ceintures et si la prochaine fois, on veut intervenir dans le d\u00e9bat, on s&rsquo;inscrit pour une licence de pilote, \u00e0 quoi l&rsquo;on va devoir consacrer les 10 ou 20 prochaines ann\u00e9es de notre vie. C&rsquo;est \u00e7a la d\u00e9mocratie, et pas le fait de pouvoir aller dans la cabine prendre les commandes \u00e0 la place des pilotes\u2026<\/p>\n","protected":false},"excerpt":{"rendered":"<p>Chers et ch\u00e8res ami\u00b7es coronasceptiques (c&rsquo;est-\u00e0-dire qui pensent par eux-m\u00eames et elles-m\u00eames toutes et tous la m\u00eame Pens\u00e9e Unique Alternative, PUA, contre la Pens\u00e9e Unique Officielle, PUO, qui en r\u00e9alit\u00e9 est l&rsquo;objet de controverses et d\u00e9bats scientifiques parmi les milliers de scientifiques des task forces et h\u00f4pitaux universitaires, avec bien s\u00fbr des risques d&rsquo;erreur, mais &hellip; <a href=\"https:\/\/perso.unifr.ch\/pascal.wagner\/lettres-aux-moutons-du-coronascepticisme\/\" class=\"more-link\">Continuer la lecture de <span class=\"screen-reader-text\">Supplique aux moutons du coronascepticisme<\/span><\/a><\/p>\n","protected":false},"author":2,"featured_media":0,"parent":0,"menu_order":0,"comment_status":"closed","ping_status":"closed","template":"","meta":[],"_links":{"self":[{"href":"https:\/\/perso.unifr.ch\/pascal.wagner\/wp-json\/wp\/v2\/pages\/281"}],"collection":[{"href":"https:\/\/perso.unifr.ch\/pascal.wagner\/wp-json\/wp\/v2\/pages"}],"about":[{"href":"https:\/\/perso.unifr.ch\/pascal.wagner\/wp-json\/wp\/v2\/types\/page"}],"author":[{"embeddable":true,"href":"https:\/\/perso.unifr.ch\/pascal.wagner\/wp-json\/wp\/v2\/users\/2"}],"replies":[{"embeddable":true,"href":"https:\/\/perso.unifr.ch\/pascal.wagner\/wp-json\/wp\/v2\/comments?post=281"}],"version-history":[{"count":2,"href":"https:\/\/perso.unifr.ch\/pascal.wagner\/wp-json\/wp\/v2\/pages\/281\/revisions"}],"predecessor-version":[{"id":286,"href":"https:\/\/perso.unifr.ch\/pascal.wagner\/wp-json\/wp\/v2\/pages\/281\/revisions\/286"}],"wp:attachment":[{"href":"https:\/\/perso.unifr.ch\/pascal.wagner\/wp-json\/wp\/v2\/media?parent=281"}],"curies":[{"name":"wp","href":"https:\/\/api.w.org\/{rel}","templated":true}]}}

<p>Chers et chères ami·es coronasceptiques (c&rsquo;est-à-dire qui pensent par eux-mêmes et elles-mêmes toutes et tous la même Pensée Unique Alternative, PUA, contre la Pensée Unique Officielle, PUO, qui en réalité est l&rsquo;objet de controverses et débats scientifiques parmi les milliers de scientifiques des task forces et hôpitaux universitaires, avec bien sûr des risques d&rsquo;erreur, mais moindres… Bref),</p>



<p>Nous avons patiemment supporté depuis le mois de février vos incessantes tentatives de minimiser la pandémie de COVID-19, que vous avez répandu sans rien connaître du monde médical autre chose que vos « recherches » sur Internet pendant le confinement : vous nous avez pompé l&rsquo;air — autrement plus qu&rsquo;un pauvre petit masque en papier ou en tissu — en postant à répétition, comme un « TOC cognitif », que : (1) la pandémie ne concerne que quelques cas en Chine et est exagérée dans le monde, (2) la pandémie ne fait pas plus de mort·es que la grippe saisonnière, (3) la pandémie fait moins de morts que les autres maladies et fléaux (j&rsquo;espère que vous réalisez la stupidité de cet argument : si le cancer tue moins que les accidents cardiaques, alors ne traitons pas les cancers mais seulement les accidents cardiaques), (4) la pandémie est terminée (depuis le mois de mai), (5) il n&rsquo;y a jamais de deuxième vague, (6) la deuxième vague n&rsquo;est pas grave, etc., etc. (sans parler des conneries sur le confinement, l&rsquo;immunité, le masque, l&rsquo;origine du virus, etc. : sur ces sujets aussi, laissez travailler les spécialistes qui nous dirons ce qu&rsquo;il en est dans quelques mois/années). Quant à nous, nous n&rsquo;avions pas de préavis quant à savoir s&rsquo;il y aurait une 2ème vague ou non, nous n&rsquo;avions pas la même certitude de supporters de foot inverse à la vôtre (qu&rsquo;il y en aurait une), nous attendions simplement de voir ce qui allait se passer en restant vigilant·es. Maintenant que non seulement les cas augmentent (et que c&rsquo;est pas dû au nombre de tests, ce à quoi vous avez encore pu vous agripper ces dernières semaines), mais aussi le nombre d&rsquo;hospitalisations et le nombre de mort·es un peu partout en Europe, et qu&rsquo;on craint des surcharges aux urgences, la MOINDRE des choses de votre part serait de faire amende honorable, de reconnaître vos monumentales et graves erreurs répétées, parce que trop pressé·es de chercher des « réinformations » contre le « Système » qui fait toujours tout faux, de faire des calculs sans savoir comment les faire, et d&rsquo;affirmer connaître la « Vérité » sur la pandémie en tant non spécialiste, ou dans le meilleur des cas demi-spécialiste en médecine (avec diplôme Facebook mention « Galilée »). Pensez que ces erreurs ne concernent pas seulement votre liberté d&rsquo;expression, c&rsquo;est aussi accuser les autorités et les membres du système médical qui luttent pour sauver nos vies d&rsquo;incompétence, voire de fraude et de mensonges. C&rsquo;est extrêmement grave pour la démocratie, que vous enterrez un peu par vos âneries à répétition et vos doutes sans preuves suffisantes (en répandant les doutes et la méfiance généralisés et exagérés). La liberté d&rsquo;expression est un droit, s&rsquo;informer correctement est un devoir. Si vous ne voulez pas vous excuser ou reconnaître vos erreurs (ce qui est certes particulièrement difficile pour les personnalités narcissiques), ayez au moins la décence de VOUS TAIRE désormais sur le sujet de la pandémie. Ce n&rsquo;est pas de la censure (vous pouvez toujours dire et écrire n&rsquo;importe quoi sur les réseaux sociaux), mais juste un appel à la prudence intellectuelle avec vous-mêmes (qui nous fera aussi du bien à nous). Mais je sais que ce sera très difficile, et que c&rsquo;est plus fort que vous (ça recommence déjà avec un graphique de l&rsquo;OMS ou la surmortalité « calcul maison » à l&rsquo;heure où j&rsquo;écris ces lignes), que vous allez avoir envie de continuer à jouer les Don Quichottes de la pandémie. Merci néanmoins d&rsquo;essayer de respecter des gestes barrière, non seulement le masque ou le lavage des mains, mais aussi en rapport avec les productions de votre cerveau. Vous qui cherchez trop vite et trop mal la « Vérité », il est aussi maintenant temps de reconnaître que la trouver, c&rsquo;est beaucoup plus difficile que de surfer et de lire des blogs ou regarder des vidéos Youtube, comme le savent celles et ceux qui la cherchent le moins mal, avec méthode, en y consacrant leur vie depuis des siècles, à savoir les scientifiques (et les enquêteurs·trices professionnels pour les « affaires »). Je sais, l&rsquo;incertitude c&rsquo;est dur, la pandémie c&rsquo;est long, surtout si on a du temps et Internet. Mais pensons au fait que lors d&rsquo;un vol long-courrier en avion, on ne va généralement pas voir des tutos sur les techniques d&rsquo;atterrissage, on ne va pas vers les pilotes pour le leur apprendre (maintenant que grâce à nos propres recherches sur Internet, nous « Savons »), mais on attache nos ceintures et si la prochaine fois, on veut intervenir dans le débat, on s&rsquo;inscrit pour une licence de pilote, à quoi l&rsquo;on va devoir consacrer les 10 ou 20 prochaines années de notre vie. C&rsquo;est ça la démocratie, et pas le fait de pouvoir aller dans la cabine prendre les commandes à la place des pilotes…</p>

<p>Chers et chères ami·es coronasceptiques (c&rsquo;est-à-dire qui pensent par eux-mêmes et elles-mêmes toutes et tous la même Pensée Unique Alternative, PUA, contre la Pensée Unique Officielle, PUO, qui en réalité est l&rsquo;objet de controverses et débats scientifiques parmi les milliers de scientifiques des task forces et hôpitaux universitaires, avec bien sûr des risques d&rsquo;erreur, mais &hellip; <a href="https://perso.unifr.ch/pascal.wagner/lettres-aux-moutons-du-coronascepticisme/" class="more-link">Continuer la lecture de <span class="screen-reader-text">Supplique aux moutons du coronascepticisme</span></a></p>
